. Determine z(5).
65
Let f(j) = j**3 + j**2 + 2*j - 8. What is f(0)?
-8
Let b(i) = i + 5. Determine b(-9).
-4
Let d(o) = -3*o + 2. What is d(-3)?
11
Let v(z) = z**2 + 4*z - 1. What is v(-8)?
31
Let w(g) = 25*g**3 - 2*g**2 + 2*g - 1. What is w(1)?
24
Let a(c) = 48*c. What is a(2)?
96
Let s(j) = -14*j - 1. What is s(-1)?
13
Let n(m) = -m**2 - 7*m + 6. What is n(-7)?
6
Let h(c) = -c**2 - 7*c - 2. Give h(0).
-2
Let r(f) = 3*f**3 - 5*f**2 + 3*f + 1. Determine r(3).
46
Let q(s) = -s**2 - s - 3. Give q(-3).
-9
Let o(y) = -y**3 + 11*y**2 - 14*y + 7. Calculate o(10).
-33
Let v(u) = -9*u + 70. Determine v(8).
-2
Let k(x) = x**3 + 2*x**2 + 4*x + 3. Determine k(-3).
-18
Let r(i) = -15*i - 71. Determine r(-5).
4
Let j(b) = b**3 - 18*b**2 - 19*b + 1. Determine j(19).
1
Let y(u) = 2*u**2 - 8*u + 1. Calculate y(0).
1
Let n(j) = 2*j - 4. What is n(12)?
20
Let s(n) = -7*n. Give s(-9).
63
Let g(t) = -t - 4. Determine g(-12).
8
Let l(c) = -c**3 - 9*c**2 - 14. Give l(-9).
-14
Let u(v) = v**2 - 2*v + 10. Determine u(3).
13
Let w(k) = 10*k**2 - 34*k - 4. Determine w(4).
20
Let x(j) = -9*j - 26. What is x(-4)?
10
Let b(m) = m**3 - 5*m**2 + 6*m - 6. Give b(3).
-6
Let w(q) = q**3 + 3*q**2 - 3*q - 4. What is w(-5)?
-39
Let a(k) = 123*k + 245. Calculate a(-2).
-1
Let q(m) = -m**3 + 4*m**2 - 10*m + 24. Calculate q(3).
3
Let s(r) = r**3 - 18*r**2 + 12*r + 2. Determine s(17).
-83
Let a(g) = -g**3 - 23*g**2 - 18*g - 50. Calculate a(-22).
-138
Let n(f) = 4*f - 109. What is n(0)?
-109
Let o(l) = -l**2 - 53. What is o(0)?
-53
Let s(f) = f**2 - 10*f + 2. What is s(9)?
-7
Let c(d) = -d - 6. What is c(-4)?
-2
Let l(y) = y + 4. Determine l(3).
7
Let d(h) = h**3 - h**2 - 6*h. Give d(3).
0
Let q(l) = -l**3 - 2*l**2 - 4. Give q(-3).
5
Let i(b) = 3*b**2 - 3*b + 11. What is i(0)?
11
Let k(r) = -11*r + 31. Calculate k(0).
31
Let s(j) = -12*j - 11. Give s(6).
-83
Let m(i) = -2*i + 27. Calculate m(14).
-1
Let m(r) = r**2 + 12*r + 37. Determine m(-4).
5
Let j(k) = k - 11. Give j(21).
10
Let z(b) = 5*b**3 - 113*b**2 - 49*b + 61. Determine z(23).
-8
Let a(f) = 6*f**3 + 2*f**2 - 1. Determine a(-1).
-5
Let p(a) = -a - 3. Give p(-11).
8
Let l(f) = -5*f - 29. What is l(-6)?
1
Let y(t) = -t**2 - 97*t - 2014. Calculate y(-67).
-4
Let i(w) = -w**3 - 7*w**2 - 2*w + 8. What is i(-6)?
-16
Let v(r) = 2*r**3 + 9*r**2 + 7*r + 8. Calculate v(-4).
-4
Let h(c) = -c + 57. What is h(-11)?
68
Let m(b) = 3*b. What is m(-2)?
-6
Let b(r) = -r**3 + 3*r**2 - 3*r - 4. Calculate b(5).
-69
Let k(b) = -2*b**3 - 57*b**2 + 26*b - 91. Calculate k(-29).
-4
Let j(t) = 4*t**2 - 7*t + 3. What is j(3)?
18
Let i(d) = 12*d - 1. Give i(5).
59
Let j(x) = 6*x + 35. Give j(-11).
-31
Let u(p) = p**2 + 21*p + 41. Give u(-18).
-13
Let t(l) = -80*l + 802. Determine t(10).
2
Let u(o) = o**2 + 12*o + 17. Calculate u(-10).
-3
Let a(v) = 5*v + 226. Give a(-43).
11
Let s(i) = 3*i**2 + i + 2. Give s(-3).
26
Let c(t) = t**2 - 13*t - 32. Calculate c(15).
-2
Let z(m) = m**3 - 6*m**2 - 29*m + 21. Calculate z(9).
3
Let g(x) = 9*x - 29. Determine g(0).
-29
Let n(j) = j**3 - 10*j**2 - 11*j + 14. Calculate n(11).
14
Let l(w) = w**2 - 5*w - 26. Give l(9).
10
Let r(z) = 8*z + 12. Determine r(-3).
-12
Let n(p) = -2*p. Give n(0).
0
Let m(p) = p**2 - 10*p - 13. Calculate m(11).
-2
Let m(s) = s**3 - 7*s + 11. What is m(5)?
101
Let o(k) = 40*k**3 - k**2 + k. Determine o(1).
40
Let i(w) = -7*w - 11. Determine i(-10).
59
Let o(s) = 4*s**2 + s - 2. Give o(-2).
12
Let l(m) = m**3 - 18*m**2 - 27*m + 38. Give l(19).
-114
Let w(p) = -p**3 - 12*p**2 + 12*p - 1. What is w(-13)?
12
Let j(b) = b**3 + 6*b**2 - 4. Determine j(-6).
-4
Let c(s) = -3*s**3 + s**2 + 8. What is c(0)?
8
Let q(t) = t + 25. What is q(-20)?
5
Let x(p) = -p**3 + 6*p**2 + p + 3. Calculate x(5).
33
Let a(b) = -b**2 - 9*b - 10. Give a(-7).
4
Let k(o) = o**2 + 16*o - 8. Calculate k(-9).
-71
Let v(q) = -q**3 + 8*q**2 - 3*q - 9. Determine v(8).
-33
Let p(k) = -4*k - 2. What is p(1)?
-6
Let w(q) = -q**2 - q + 9. Calculate w(-5).
-11
Let z(m) = -m**3 - 9*m**2 - 27*m - 86. Calculate z(-7).
5
Let b(i) = i**3 + 2*i**2 - 8*i - 2. Give b(-4).
-2
Let g(v) = -v**3 - 45*v**2 + 42*v - 190. Give g(-46).
-6
Let f(b) = -12*b + 26. Calculate f(3).
-10
Let f(g) = -19*g - 3. What is f(3)?
-60
Let v(w) = w**2 - 13*w - 4. Calculate v(13).
-4
Let z(x) = -2*x**3 - 14*x**2 - 13*x - 7. What is z(-6)?
-1
Let m(w) = -w**3 + 10*w**2 - 2*w + 7. Give m(10).
-13
Let f(b) = -b**3 - 2*b**2 - 5*b - 1. Calculate f(-4).
51
Let v(w) = 35*w**2 - w + 1. Determine v(1).
35
Let c(z) = z**2 + 4*z + 2. Give c(-2).
-2
Let t(j) = 18*j + 2. Determine t(1).
20
Let g(c) = -c**2 + 116. What is g(-11)?
-5
Let l(q) = -2*q - 7. Give l(-6).
5
Let a(k) = -k**2 + 32*k + 158. Give a(37).
-27
Let o(g) = g**3 - 4*g**2 - 6*g + 9. Give o(4).
-15
Let x(l) = -l**2 - 17*l + 9. Give x(-18).
-9
Let s(a) = a**2 + 3*a - 4. Determine s(3).
14
Let g(m) = -8*m**2 - 40*m + 48. What is g(-6)?
0
Let q(p) = 3*p**2 + 37*p - 3. Give q(-12).
-15
Let x(g) = -9*g - 10. Give x(-1).
-1
Let d(h) = 5*h**2 - h + 1. Determine d(1).
5
Let c(h) = -3*h - 33. Determine c(0).
-33
Let s(o) = 47*o**2 - 2*o + 2. What is s(1)?
47
Let t(w) = -12*w - 40. Determine t(-7).
44
Let g(u) = u**3 - 5*u**2 + 6*u - 3. Give g(4).
5
Let s(z) = -13*z - 27. Calculate s(-2).
-1
Let u(i) = 26*i - 521. Determine u(20).
-1
Let t(h) = -12*h + 204. Calculate t(18).
-12
Let s(n) = -8*n + 14. Give s(12).
-82
Let r(o) = -5*o**3 - o**2 - 2*o - 3. Give r(-2).
37
Let u(a) = a - 51. Give u(38).
-13
Let u(d) = d**3 + 9*d**2 + 19*d + 39. Give u(-7).
4
Let z(l) = -l**3 - 2*l**2 - l + 6. Determine z(0).
6
Let s(w) = -2*w**3 + w**2 - w - 1. Give s(2).
-15
Let g(l) = l**2 - 15*l - 17. What is g(16)?
-1
Let g(k) = -k**2 + 12*k - 45. Give g(6).
-9
Let f(y) = -43*y + 80. Calculate f(2).
-6
Let c(k) = -k**2 + 32*k - 222. Give c(20).
18
Let v(c) = 11*c - 5. Determine v(-4).
-49
Let t(g) = -g**3 + 23*g**2 + 138*g + 26. Calculate t(28).
-30
Let i(t) = 8*t + 9. What is i(5)?
49
Let z(f) = f**3 + f**2 + f - 8. What is z(0)?
-8
Let l(q) = q**3 - q**2 - 4. Calculate l(0).
-4
Let i(c) = c - 45. Calculate i(21).
-24
Let a(j) = j**3 - 6*j**2 - 10*j - 1. Determine a(7).
-22
Let d(l) = -l - 9. Calculate d(-4).
-5
Let l(x) = 2*x**3 - 18*x**2 + 12*x - 27. Determine l(8).
-59
Let u(q) = q**3 + 6*q**2 + 6*q + 3. Determine u(-5).
-2
Let h(t) = -t**3 - 82*t**2 + 11. What is h(-82)?
11
Let r(d) = d**3 - 5*d**2 - 10*d - 15. What is r(7)?
13
Let k(b) = 36*b**3 - b**2 + b. Give k(1).
36
Let z(d) = 7*d**2 - 2*d - 1. Determine z(-1).
8
Let o(y) = y**3 - 7*y**2 - 23*y + 18. Determine o(9).
-27
Let y(f) = 2*f**3 - 18*f**2 + 4*f - 36. Determine y(9).
0
Let s(u) = 2*u + 37. Calculate s(-18).
1
Let g(q) = -q**3 + 5*q - 5. Determine g(2).
-3
Let a(k) = 78*k + 8. Calculate a(-1).
-70
Let n(v) = 2*v**2 - 4*v - 5. Give n(4).
11
Let y(u) = 3*u - 7. Give y(13).
32
Let q(c) = -22*c - 2. Determine q(5).
-112
Let l(k) = 168*k + 6. Calculate l(1).
174
Let v(c) = 7*c - 11. What is v(-7)?
-60
Let q(n) = n**3 - 4*n**2 - n + 4. Calculate q(4).
0
Let x(m) = m**2 - 15*m - 60. Give x(17).
-26
Let p(n) = -13*n + 80. Calculate p(6).
2
Let c(y) = y**2 - 17*y - 14. Calculate c(18).
4
Let s(x) = 4*x + 3. Give s(8).
35
Let b(v) = -3*v + 30. Determine b(12).
-6
Let n(h) = -h**3 - 12*h**2 + 13*h + 49. Give n(-13).
49
Let q(i) = 105*i**3 + 2*i**2 - 1. Calculate q(-1).
-104
Let l(u) = 2*u**3 + 10*u**2 + 9*u - 2. Give l(-4).
-6
Let a(k) = 7*k. Calculate a(-3).
-21
Let z(m) = m**3 + 12*m**2 - 14*m - 18. Determine z(-13).
-5
Let a(d) = -d**3 - 15*d**2 + 17*d + 17. Calculate a(-16).
1
Let g(c) = -2*c - 1. Calculate g(1).
-3
Let x(n) = 22*n**3 - 2*n**2 + 4*n - 3. Calculate x(1).
21
Let w(z) = -z**2 - 23*z - 102. What is w(-12)?
30
Let z(o) = -4*o. What is z(3)?
-12
Let d(h) = -h. Determine d(0).
0
Let y(c) = -c**3 - 3*c**2 + 2*c - 6. Determine y(-3).
-12
Let s(d) = -d**2 - 6*d + 8. Calculate s(-8).
-8
Let a(g) = -g**2 + 17*g - 58. What is a(13)?
-6
Let d(m) = 11*m + 2. Give d(3).
35
Let n(t) = 2*t**2 + 9*t - 3. Calculate n(-5).
2
Let u(c) = c**3 + 9*c**2 - 2*c - 16. Determine u(-9).
2
Let d(h) = -h**2 + h. Give d(7).
-42
Let f(b) = 3*b - 39. Determine f(21).
24
Let w(c) = 6*c - 1. Determine w(-2).
-13
Let o(s) = 5*s**2 - 3*s + 1. What is o(3)?
37
Let u(o) = o**3 - 17*o**2 - 14*o - 73. G